 w(b) = 4*b**2 + 2*b + 2. Let f be w(-1). Let y be (6/(-4))/((-24)/1072). Suppose 290 + 66 = 5*q - n, -q - f*n + y = 0. What is the units digit of q?
1
Suppose 19*y - 4 = 18*y. What is the tens digit of -1 + (9 - y) + 84?
8
Let t = 188 - 294. Let b = t + 69. Let y = 87 + b. What is the units digit of y?
0
Let w = 272 - 30. What is the tens digit of w?
4
Let t = -2660 - -4405. What is the tens digit of t?
4
Suppose -3*a - 2*a + 2590 = -2*x, a - x = 521. What is the tens digit of a?
1
Suppose -66 = -5*q - 11. Suppose 139 = -4*v - d, q - 51 = v + 2*d. What is the units digit of (v/(-3))/(4/6)?
7
Let p(c) = c**2 - 1. Let j be p(3). Suppose 0 = 4*f - 6*f + j. Suppose y + 5*k = 15 + 9, 159 = f*y - k. What is the units digit of y?
9
Let i = -6 - -11. Suppose -3*s = i*c + 9 - 40, 4*c - 5*s - 10 = 0. Suppose 2*z + c = 127. What is the units digit of z?
1
Let a be (38/(-8))/(-1) - (-8)/32. Suppose 3*g - 262 = -2*u + 8*g, -5*u + a*g + 655 = 0. What is the units digit of u?
1
What is the tens digit of (-11 - -9)/((12/(-1762))/3)?
8
Let b be (-9)/(-3)*(8 + -3). Suppose 4*k - k + 3*u + b = 0, 3*u = -5*k - 31. Let r = k + 20. What is the tens digit of r?
1
Let s(j) = -j + 10. Let k be s(9). What is the tens digit of (-1 - k)*1 - -179?
7
Suppose -5 + 0 = w, -4*q + 1277 = -w. What is the tens digit of q?
1
Suppose -51*j + 37*j + 21476 = 0. What is the units digit of j?
4
Let p(a) = -521*a - 345. What is the hundreds digit of p(-6)?
7
Suppose 13*p - 11301 - 2869 = 0. What is the hundreds digit of p?
0
Let n = 4652 + -2587. What is the tens digit of n?
6
Let p(f) = -8*f + 22. What is the units digit of p(-9)?
4
Let s be ((-10)/(-8) - 1) + (-357)/(-12). Let k(c) = -c**3 + 2*c**2 + 2*c + 1. Let n be k(-1). Suppose -2*r = n - s. What is the tens digit of r?
1
Let f(w) = w**2 - 2*w**3 + 2*w + 6*w**3 - 5*w**3 + 3*w. Let i be f(-5). Suppose -i = -4*h - h. What is the tens digit of h?
2
Let n(c) = c**2 - 6*c - 6. Suppose -2*a - 25 = -7*a. Let v be n(a). Let s(z) = -z + 12. What is the tens digit of s(v)?
2
Suppose 0 = 4*z - 3*z - 2*j - 1, -5*j - 34 = z. Let m(c) = c**3 + 8*c**2 + 5*c - 8. Let y be m(-7). What is the tens digit of (y/z)/((-4)/276)?
4
Let x = 19 + -18. What is the units digit of 1*x*28/4?
7
Let d(p) = 33*p + 2. What is the tens digit of d(6)?
0
What is the tens digit of 9 - 19/(152/(-5888))?
4
Let m = 32 + -29. Suppose m*i = -5*i + 688. What is the units digit of i?
6
Suppose -1 = -3*u + 383. What is the tens digit of u?
2
Let n = -8 - -15. Let r(q) be the second derivative of q**4/6 - 3*q**3/2 - 5*q**2 - 4*q. What is the tens digit of r(n)?
2
Let h = 1244 - 708. Let o be 8/6 + h/12. What is the units digit of o - ((-2 - -1) + 1)?
6
Let i be (95 - -1)/(-1) - -3. Let y = i + 151. What is the tens digit of y?
5
Suppose 174 = 12*y - 6*y. Let u = -25 + y. Suppose -u*i = -i - 75. What is the tens digit of i?
2
What is the units digit of (48 + (-35)/7)*10?
0
Let c be (2 - (2 + 0))*2/(-4). Suppose c = 8*p - 14*p + 882. What is the hundreds digit of p?
1
Suppose -2*z - 2*l = 122, 0*l = 5*z + 3*l + 311. Let j = 112 + z. What is the units digit of j?
8
Let f(y) = 14*y + 2*y**2 - 20 - 2*y - 44*y - 3*y**2. What is the tens digit of f(-22)?
0
Let n be 4/26 + (-920)/65. Let m = 11 + n. Let l = 30 + m. What is the units digit of l?
7
Let c(i) = -i**2 + 5*i - 4. Let v be c(4). Suppose 0 = 4*z - k - 1034, z + v*z + 3*k = 265. What is the hundreds digit of z?
2
Suppose j + 5*c + 1 + 3 = 0, -4*c + 1 = 5*j. Let a(m) = 28*m**3 - m**2 + 2*m. What is the tens digit of a(j)?
2
Let x be 14796/13 - (-22)/(-143). Suppose 5*n - x = -4*z, z + 1153 = 5*n - 0*n. What is the units digit of n?
0
Let x be (6/(-9))/((-4)/696). Suppose -7*c = -11*c + x. What is the units digit of c?
9
Let k(m) = -m**3 + 19*m**2 - 3*m - 89. What is the units digit of k(11)?
6
Suppose -j = 3 - 8. Let d = 1214 + -1164. Let t = d - j. What is the units digit of t?
5
Let n = -45 - -105. Let h(i) = 8*i. Let l be h(3). What is the units digit of (-114)/(-10) - l/n?
1
Let x(h) = h**3 + 14*h**2 + 24*h + 18. Let q be x(-13). Let v = 99 - q. What is the hundreds digit of v?
2
Suppose -3 = -h - 1, -3*u - h + 11 = 0. Suppose v - 71 = -7*d + u*d, 273 = 3*v - 3*d. Let z = -56 + v. What is the units digit of z?
1
Let x(p) = 22*p + 14. Let j be x(5). Suppose -8 = -4*h, -2*q = -2*h - 172 - j. What is the tens digit of q?
5
Let j = -9 + 11. Let m be j/(-9) - (-180)/81. What is the units digit of m/4*4 + 21?
3
Let j be (-3 + (1 - 1) - 0) + 212. Suppose 0 = -5*l + 6*l - j. What is the units digit of l?
9
Suppose -2*o = -0*o + 354. Let w = 270 + o. What is the units digit of w?
3
Suppose -2467 = -5*g - 152. What is the units digit of g?
3
Suppose 2*l - 4*l + 216 = 0. Suppose 558 - l = 9*f. What is the units digit of f?
0
Suppose -25*g = -22*g + 5*n - 1415, 0 = g + 2*n - 473. What is the tens digit of g?
6
Let t(w) be the third derivative of w**6/120 - 2*w**5/15 + w**4/3 - w**3 - 13*w**2. What is the units digit of t(7)?
1
Let f(j) = -55*j - 15. What is the units digit of f(-4)?
5
Let m(a) be the second derivative of a**5/20 + 7*a**4/12 - 2*a**3/3 - 9*a**2/2 - 6*a. Let y be m(-7). Let u = -4 + y. What is the tens digit of u?
1
Suppose 4*q - 908 = -4*g, 4*g = -0*g - q + 917. What is the units digit of g?
0
What is the thousands digit of (1/(-3)*-23)/(64/8640)?
1
Suppose -3*o + h - 3*h + 12 = 0, 0 = -h. Let b(d) = 59*d - 16. What is the tens digit of b(o)?
2
Suppose 0 = -9*n + 189 - 153. Suppose -2*s + 24 = -0*s. Let d = n + s. What is the tens digit of d?
1
Let f(l) = 2*l**2 - 5*l + 1. Let u be f(6). Suppose u = g - 0*g. What is the units digit of (0 + (g - -2))*1?
5
Suppose -8 = -4*f, 3*f = -2*z - 0*f + 14. Suppose z*d - 236 = 492. What is the units digit of d?
2
Let f(q) = -3 + 34 - 14 - q. Let j be f(14). Suppose 0*s + j*s = 39. What is the tens digit of s?
1
Let a = -255 - -414. Suppose g - 24 = -p + a, -545 = -3*p - 5*g. Suppose -s + p = 4*s. What is the tens digit of s?
3
Let q = -1576 - -2811. What is the thousands digit of q?
1
Let w(z) = z**3 - 2*z**2 + 4*z + 8. Suppose 2 + 2 = d. What is the tens digit of w(d)?
5
Suppose 6*l - 29 = 1. Let x(w) = 4*w**2 - 4*w - 16. What is the tens digit of x(l)?
6
Let l be 18/27 - 58/6. Let n = 14 + l. Suppose n*p + 0*p = 15. What is the units digit of p?
3
What is the thousands digit of (-2 - -423)/((-69)/(-207))?
1
Suppose -4*o = -3*o + 3, -42 = -5*g + 4*o. What is the tens digit of (-2)/g + (-21)/(-9) + 64?
6
Suppose 19 = 3*n + 7. Suppose -20 = -n*s - 8. What is the units digit of (0 + s)*6/1?
8
Let j = 1044 - 264. What is the units digit of j?
0
Suppose 540 = 7*v - 2*v. Let j = v - 13. What is the units digit of (-10)/15 - j/(-3)?
1
Let w = 638 - 225. What is the units digit of w?
3
Let o be 4 + -14 + 1/(-1). Let q = -14 - o. What is the tens digit of (-34)/(q*(-4)/(-6))?
1
Let q(r) = 9*r - 21. Let t be q(11). Let w be 246/t + (-4)/26. Suppose 3*x = 4*l - w*l + 140, 3*l - 132 = -3*x. What is the units digit of x?
6
Suppose -j = -3*v + 190, -5*j - 4*v - 625 = 306. Let s = -120 - j. Suppose 17 + s = 3*c. What is the tens digit of c?
2
Suppose -2*k = -7*k. Suppose k*b + 4*b - s + 13 = 0, -4*s = -20. What is the tens digit of b - 23*(-2)/2?
2
Suppose -s = -0*s. Let v(i) = i**2 + i - 19. Let l be v(s). Let x = 47 + l. What is the tens digit of x?
2
Let h be 2/3*(0 + 21). Let t = 28 - 41. Let y = t + h. What is the units digit of y?
1
Let h(u) = -u**2 + 16*u + 15 - 34 + 20. What is the tens digit of h(11)?
5
Let d(w) = 2*w + 8. Let u be d(-7). Let n be ((-58)/u)/((-4)/24). Let a = n + 87. What is the units digit of a?
9
Suppose 0 = 4*r, 2*p + r - 46 = 40. Let g = -1 - p. What is the units digit of g*(5/2 + -3)?
2
Let v = 825 - 1211. Let o = -113 - v. What is the units digit of o?
3
Let d(i) = -3*i**2 - 60*i + 30. What is the hundreds digit of d(-17)?
1
What is the tens digit of 702 + -3*20/(-12)?
0
Suppose -4*x + 925 = 3*k, 0 = x - 3*x + 5*k + 469. What is the hundreds digit of x?
2
Let m(z) = -18*z - 1. Let r be m(-1). Let x = 19 - r. Suppose -5*v + 85 = -4*p, -x*v = 3*v + 5*p - 40. What is the units digit of v?
3
Let i = 415 - -128. What is the units digit of i?
3
Let z = -853 - -2544. What is the tens digit of z?
9
Let c = 10 - 7. Suppose 172 + 50 = c*l. What is the units digit of